t common divisor of 80352 and b.
24
Let g be 4/(1/(-6)*-3). Suppose -v = 3*v - g. Let n be (7*(6 - v))/2. Calculate the highest common divisor of n and 70.
14
Let i = 115 - 112. Suppose -i*g + 4*z + 105 = 0, 37 = g + 12*z - 14*z. Calculate the greatest common divisor of 837 and g.
31
Suppose 4*a - 2*d = -3 + 5, -5*a + 5*d = 10. Let x be (-12 + 0)/a + -50. Let s = 61 + x. What is the highest common factor of 35 and s?
7
Let w be (13/(-91) + (-38)/28)*(-26 + 8). What is the greatest common factor of w and 1188?
27
Let d(j) = -8*j**3 - 10*j**2 - 7*j - 6. Let x be d(-4). Let k = 645 - 611. What is the greatest common factor of k and x?
34
Let r(m) = -12*m - 74. Let l(y) = 8*y - 82. Let j be l(9). Let d be r(j). Calculate the highest common divisor of 644 and d.
46
Let w(r) = 5*r**2 - 9*r + 51. Let p be w(6). Let m = p - 149. Calculate the highest common factor of 7 and m.
7
Suppose -2*z + 190 = 3*z. Suppose -5*p + 17 + z = 0. Let g be p/22 + 950/4. Calculate the highest common factor of 34 and g.
34
Suppose 5*v - 59 = -99. Let z(n) = -2*n**2 - 18*n - 9. Let t be z(v). What is the greatest common divisor of 63 and t?
7
Let q(u) be the second derivative of u**5/20 - u**4/4 - 7*u**3/3 + 4*u**2 - 19*u. Let a be q(6). Calculate the highest common factor of a and 32.
32
Suppose 2*b = 2, 2*b + 779 = 4*l + b. Let x = 247 + -208. What is the highest common divisor of x and l?
39
Suppose 2*h = 10 - 0. Let d = -7644 + 7664. Let q be (d/h - 6)*1*-110. What is the highest common factor of q and 20?
20
Let s = 1 + 7. Let v(w) = -w**3 + 17*w**2 - 58*w + 10. Let f be v(5). What is the greatest common divisor of s and f?
4
Let a(y) = -8*y**2 - 1064*y + 166. Let w be a(-128). Calculate the highest common divisor of 24 and w.
6
Suppose -223*a + 3*c = -228*a + 882, -4*a + 5*c = -676. What is the highest common divisor of 58 and a?
58
Let n be ((-102)/85)/((-1)/15). What is the highest common divisor of n and 474?
6
Let f = -1324 + 1849. Calculate the greatest common divisor of f and 7.
7
Let c = 2902 - 2824. Calculate the greatest common divisor of 13416 and c.
78
Suppose 0 = 174*q + 458 - 3416. Calculate the highest common divisor of q and 2941.
17
Let y = 173339 + -173307. Suppose -w + 2*m + 410 = 0, 0 = -3*w + 4*m - 127 + 1363. What is the greatest common divisor of y and w?
32
Let f be (10/4)/5 + (-72)/16. Let w be ((-5)/f)/(7/196). Calculate the greatest common divisor of 28 and w.
7
Let i = 1399 - 1111. What is the highest common factor of i and 56?
8
Let n = -701 - -468. Let k = -23 - n. What is the highest common divisor of k and 50?
10
Let h be 3*(-1 - 1)*-8. Let k = 77000 - 76994. What is the highest common factor of k and h?
6
Let d = 2 + 14. Let f be 3815/45 + -5 + 190/45 + -4. What is the greatest common divisor of f and d?
16
Let t be 0 + ((-8)/(-1) - -13). Calculate the highest common factor of 5376 and t.
21
Suppose t - 5*n - 221 = 0, 0 = 4*t - 7*t + 2*n + 715. Let a = 280 - t. What is the greatest common divisor of 221 and a?
13
Let a(x) = x**3 + 4*x**2 - 1. Suppose 0 = -7*g - 2*g + 639. Let r = g + -74. Let n be a(r). What is the highest common divisor of n and 1?
1
Suppose b + 7*b + 112 = 0. Suppose 2*t + 0 = 2. Let d be (b/2)/(t*(-4)/28). What is the highest common factor of d and 7?
7
Suppose -5 = -5*o + 30. Let r(j) = -3886*j + 32. Let g be r(-1). Let s be g/35 + (-40)/(-700). Calculate the greatest common factor of s and o.
7
Let j = -10397 - -10408. Let h(v) = v**2 + 2*v - 2. Suppose -4*k + 11 + 5 = 0. Let s be h(k). Calculate the greatest common divisor of j and s.
11
Suppose -692097 - 699669 = -434*t - 435230. Calculate the greatest common factor of t and 133.
19
Let a(s) = 4*s + 1. Let l be a(5). Suppose -325*o - 57997 + 124623 + 131299 = 0. What is the greatest common factor of o and l?
21
Let f be ((-16)/(-10))/(20/350) - 0. Suppose -591 - 2797 = -11*u. What is the greatest common factor of f and u?
28
Let z(b) = -5*b + 1. Let n(g) = 43*g - 3. Let w(t) = 2*n(t) + 22*z(t). Let h = 1 + -4. Let i be w(h). What is the highest common factor of i and 8?
8
Let r = 2 - -8. Let h be r - 2315 - (3 + 0). Let u be h/(-6) + 1/3. Calculate the greatest common factor of u and 35.
35
Let n = -14 - -47. Let a(f) = -f - 4. Let m be a(5). Let l be m/(-6)*(-198)/(-27). What is the highest common factor of n and l?
11
Let v = -53 + 47. Let l be (((-189)/v)/(-7))/((-30)/200). What is the greatest common factor of 330 and l?
30
Let f(k) = k**3 - 93*k**2 - 343*k + 165. Let n be f(97). What is the greatest common factor of 12 and n?
6
Let b be ((-24)/(-28))/(25/1050). Let m be ((-12)/b)/((-2)/42). Suppose -r = -2*r + 14. Calculate the greatest common divisor of r and m.
7
Suppose k = 6*k - 25. Suppose -k*r = -8 - 7. Suppose 31 + 44 = r*q. Calculate the greatest common divisor of 275 and q.
25
Let z = 854 + -800. Calculate the greatest common factor of z and 2835.
27
Suppose 4*l + 427 = 5*p - 243, -3*p = -5*l - 402. What is the greatest common factor of 603 and p?
67
Let l be (-6)/(-27) + (-1222)/(-9). Let u = l - 66. Suppose -u = -2*v + 62. Calculate the highest common divisor of 6 and v.
6
Let g(v) = v**3 - 2*v**2 - 8*v + 95. Let q be g(6). Let c = q + -175. What is the highest common divisor of 136 and c?
8
Let o be 5*14*((-329)/(-21)*15 + 11). Calculate the greatest common divisor of o and 90.
30
Let k be ((-9)/(81/1230))/((-26)/39). What is the greatest common divisor of k and 10?
5
Suppose 10*i + 176 = 2*i. Let m be 4/i - (4 + (-65)/55). Let y be (152/12 - -2) + (-1)/m. What is the highest common factor of y and 6?
3
Let a = 375 + -284. Let l be (-150)/9*(-3)/2. Let z = a - l. Calculate the highest common factor of z and 44.
22
Let o = -62 + 53. Let y = -9 - o. Let c(x) = x**3 + 2*x**2 + 110. Let g be c(y). What is the highest common divisor of 10 and g?
10
Let s be (-18)/3*200/(-80) - (-52)/(-13). Let p = 0 - -2. Suppose 0*j - 3*j = -p*g + 75, 4*g - 138 = 2*j. Calculate the greatest common factor of g and s.
11
Let y(s) = -s**3 - 4*s**2 - 26*s + 2. Let h be y(-6). Suppose -161 - 104 = -5*o + 5*c, 4*o + 5*c - h = 0. What is the highest common divisor of o and 10?
5
Let o be (10 + -11)*-16 + 2. Let s(b) = -b**2 - 13*b + 3. Let r be s(-7). Calculate the highest common divisor of o and r.
9
Let x = 593 - 569. Suppose 8 - 4 = -4*a. Let g(c) = 23*c**2 - 2*c - 1. Let b be g(a). What is the highest common factor of b and x?
24
Let y(r) = 4*r**3 + 65*r**2 - 17*r - 132. Let o be y(-16). Calculate the greatest common divisor of o and 44.
44
Let h(d) = d + 3. Let g(w) = 18*w - 42. Let m(l) = g(l) - 3*h(l). Let f be m(5). Calculate the greatest common divisor of 600 and f.
24
Let r = -1456 + 1519. What is the greatest common divisor of 3276 and r?
63
Let w = -226 - -231. Suppose -3*y = -2*y + q - 58, -2*q + 281 = w*y. Calculate the greatest common divisor of y and 715.
55
Let h = -3799 + 3815. Calculate the highest common factor of h and 9.
1
Let g(r) = -4*r + 9. Let p be g(-2). Suppose 0 = -p*i + 14 + 37. Let a = -6 - -18. Calculate the greatest common factor of a and i.
3
Suppose 64 = 3*x - 2*x. Let u = 79 - 47. Suppose -4*m = -96 + u. Calculate the highest common factor of x and m.
16
Suppose -4*r - 8 = 6*x - 4*x, -2*r = 8. Suppose -9*l + 10*l = x. Let m be 74*((-6)/l)/(-3). Calculate the greatest common factor of 259 and m.
37
Suppose -359*i = 169*i - 121968. What is the greatest common divisor of i and 2940?
21
Suppose 4*f + 0 = 56. Let z = -22576 - -22688. Calculate the greatest common divisor of z and f.
14
Suppose 4*y + 2*v = 1018, v - 762 = 6*y - 9*y. Suppose 0*u + 69 = 3*u. What is the greatest common divisor of u and y?
23
Suppose 2*l - t = 48, 20*l - 136 = 16*l - 3*t. Let c be (-36)/(-10) + 4/10. Calculate the greatest common factor of l and c.
4
Let o(f) = -8*f + 27. Let u be o(-11). Let c = u + -79. Calculate the highest common factor of 252 and c.
36
Let f be ((1 - 0)/(-1))/(43/258). Let o(q) = -4*q - 21. Let z be o(f). Suppose z*a = 3, 116 = 2*c - a - 107. What is the highest common divisor of 14 and c?
14
Let w be 286 - (0 + 4/4). Suppose -4*i = -23 - w. Let k be 7/(-1 + (1 - -1)). Calculate the highest common factor of i and k.
7
Let y = 30 - -37. Let x be 7 + y*(-7 + 14 - 4). Let j be 1/((-1)/(-1)) + 15. What is the greatest common factor of j an